{"id":119,"date":"2009-04-01T14:06:45","date_gmt":"2009-04-01T13:06:45","guid":{"rendered":"http:\/\/michael.flocco.free.fr\/blog\/?page_id=119"},"modified":"2010-01-03T11:29:02","modified_gmt":"2010-01-03T10:29:02","slug":"meteorite","status":"publish","type":"page","link":"http:\/\/michaelflocco.com\/blog\/?page_id=119","title":{"rendered":"M\u00e9t\u00e9orite"},"content":{"rendered":"<p>Voici une petite sc\u00e8ne contenant deux \u00e9l\u00e9ments sculpt\u00e9s sous ZBrush et travaill\u00e9s sous 3Ds Max : une m\u00e9t\u00e9orite encore br\u00fblante sur un sol ravag\u00e9 par l&#8217;impact. J&#8217;ai pu tester la map d&#8217;auto-illumination (glow) qui s&#8217;av\u00e8re bien utile aux endroits surchauff\u00e9s.<br \/>\nPostprod sous Photoshop : ajout de l&#8217;image de fond + l\u00e9g\u00e8re lueur externe autour du m\u00e9t\u00e9ore.<\/p>\n<p>999 tris, 2&#215;2048 diffuse, normal, specular et glow<\/p>\n            \n\t\t<div class=\"ngg-gallery-singlepic-image ngg-center\" style=\"max-width: 480px\">\n\t\t\t    \t<a href=\"http:\/\/michaelflocco.com\/blog\/wp-content\/gallery\/meteorite\/meteorite.jpg\"\n\t\t     title=\"\"\n             data-src=\"http:\/\/michaelflocco.com\/blog\/wp-content\/gallery\/meteorite\/meteorite.jpg\"\n             data-thumbnail=\"http:\/\/michaelflocco.com\/blog\/wp-content\/gallery\/meteorite\/thumbs\/thumbs_meteorite.jpg\"\n             data-image-id=\"164\"\n             data-title=\"meteorite.jpg\"\n             data-description=\"\"\n             target='_self'\n             class=\"shutterset_c09022a65b2477727843d00ff9be3bdf\">\n            <img class=\"ngg-singlepic\"\n             src=\"http:\/\/michaelflocco.com\/blog\/wp-content\/gallery\/meteorite\/cache\/meteorite.jpg-nggid03164-ngg0dyn-480x360x100-00f0w010c010r110f110r010t010.jpg\"\n             alt=\"meteorite.jpg\"\n             title=\"meteorite.jpg\"\n              width=\"480\"               \/>\n    \t<\/a>\n\t\t      <\/div>\n        \n<!-- default-view.php -->\n<div\n\tclass=\"ngg-galleryoverview default-view \"\n\tid=\"ngg-gallery-673b5530086f5fb9e6b33f6f5e6238b9-1\">\n\n\t\t<!-- Thumbnails -->\n\t\t\t\t<div id=\"ngg-image-0\" class=\"ngg-gallery-thumbnail-box \" >\n\t\t\t\t        <div class=\"ngg-gallery-thumbnail\">\n            <a href=\"http:\/\/michaelflocco.com\/blog\/wp-content\/gallery\/meteorite\/meteore_tex.jpg\"\n               title=\"\"\n               data-src=\"http:\/\/michaelflocco.com\/blog\/wp-content\/gallery\/meteorite\/meteore_tex.jpg\"\n               data-thumbnail=\"http:\/\/michaelflocco.com\/blog\/wp-content\/gallery\/meteorite\/thumbs\/thumbs_meteore_tex.jpg\"\n               data-image-id=\"163\"\n               data-title=\"meteore_tex.jpg\"\n               data-description=\"\"\n               data-image-slug=\"meteore_tex-jpg\"\n               class=\"shutterset_673b5530086f5fb9e6b33f6f5e6238b9\">\n                <img\n                    title=\"meteore_tex.jpg\"\n                    alt=\"meteore_tex.jpg\"\n                    src=\"http:\/\/michaelflocco.com\/blog\/wp-content\/gallery\/meteorite\/thumbs\/thumbs_meteore_tex.jpg\"\n                    width=\"97\"\n                    height=\"75\"\n                    style=\"max-width:100%;\"\n                \/>\n            <\/a>\n        <\/div>\n\t\t\t\t\t\t\t<\/div> \n\t\t\t\n\t\t\t\t<div id=\"ngg-image-1\" class=\"ngg-gallery-thumbnail-box \" >\n\t\t\t\t        <div class=\"ngg-gallery-thumbnail\">\n            <a href=\"http:\/\/michaelflocco.com\/blog\/wp-content\/gallery\/meteorite\/meteorite.jpg\"\n               title=\"\"\n               data-src=\"http:\/\/michaelflocco.com\/blog\/wp-content\/gallery\/meteorite\/meteorite.jpg\"\n               data-thumbnail=\"http:\/\/michaelflocco.com\/blog\/wp-content\/gallery\/meteorite\/thumbs\/thumbs_meteorite.jpg\"\n               data-image-id=\"164\"\n               data-title=\"meteorite.jpg\"\n               data-description=\"\"\n               data-image-slug=\"meteorite-jpg\"\n               class=\"shutterset_673b5530086f5fb9e6b33f6f5e6238b9\">\n                <img\n                    title=\"meteorite.jpg\"\n                    alt=\"meteorite.jpg\"\n                    src=\"http:\/\/michaelflocco.com\/blog\/wp-content\/gallery\/meteorite\/thumbs\/thumbs_meteorite.jpg\"\n                    width=\"100\"\n                    height=\"75\"\n                    style=\"max-width:100%;\"\n                \/>\n            <\/a>\n        <\/div>\n\t\t\t\t\t\t\t<\/div> \n\t\t\t\n\t\t\t\t<div id=\"ngg-image-2\" class=\"ngg-gallery-thumbnail-box \" >\n\t\t\t\t        <div class=\"ngg-gallery-thumbnail\">\n            <a href=\"http:\/\/michaelflocco.com\/blog\/wp-content\/gallery\/meteorite\/sculpture.jpg\"\n               title=\"\"\n               data-src=\"http:\/\/michaelflocco.com\/blog\/wp-content\/gallery\/meteorite\/sculpture.jpg\"\n               data-thumbnail=\"http:\/\/michaelflocco.com\/blog\/wp-content\/gallery\/meteorite\/thumbs\/thumbs_sculpture.jpg\"\n               data-image-id=\"165\"\n               data-title=\"sculpture.jpg\"\n               data-description=\"\"\n               data-image-slug=\"sculpture-jpg\"\n               class=\"shutterset_673b5530086f5fb9e6b33f6f5e6238b9\">\n                <img\n                    title=\"sculpture.jpg\"\n                    alt=\"sculpture.jpg\"\n                    src=\"http:\/\/michaelflocco.com\/blog\/wp-content\/gallery\/meteorite\/thumbs\/thumbs_sculpture.jpg\"\n                    width=\"100\"\n                    height=\"75\"\n                    style=\"max-width:100%;\"\n                \/>\n            <\/a>\n        <\/div>\n\t\t\t\t\t\t\t<\/div> \n\t\t\t\n\t\t\t\t<div id=\"ngg-image-3\" class=\"ngg-gallery-thumbnail-box \" >\n\t\t\t\t        <div class=\"ngg-gallery-thumbnail\">\n            <a href=\"http:\/\/michaelflocco.com\/blog\/wp-content\/gallery\/meteorite\/sol_tex.jpg\"\n               title=\"\"\n               data-src=\"http:\/\/michaelflocco.com\/blog\/wp-content\/gallery\/meteorite\/sol_tex.jpg\"\n               data-thumbnail=\"http:\/\/michaelflocco.com\/blog\/wp-content\/gallery\/meteorite\/thumbs\/thumbs_sol_tex.jpg\"\n               data-image-id=\"166\"\n               data-title=\"sol_tex.jpg\"\n               data-description=\"\"\n               data-image-slug=\"sol_tex-jpg\"\n               class=\"shutterset_673b5530086f5fb9e6b33f6f5e6238b9\">\n                <img\n                    title=\"sol_tex.jpg\"\n                    alt=\"sol_tex.jpg\"\n                    src=\"http:\/\/michaelflocco.com\/blog\/wp-content\/gallery\/meteorite\/thumbs\/thumbs_sol_tex.jpg\"\n                    width=\"84\"\n                    height=\"75\"\n                    style=\"max-width:100%;\"\n                \/>\n            <\/a>\n        <\/div>\n\t\t\t\t\t\t\t<\/div> \n\t\t\t\n\t\t\t\t<div id=\"ngg-image-4\" class=\"ngg-gallery-thumbnail-box \" >\n\t\t\t\t        <div class=\"ngg-gallery-thumbnail\">\n            <a href=\"http:\/\/michaelflocco.com\/blog\/wp-content\/gallery\/meteorite\/rendu_wire.jpg\"\n               title=\"\"\n               data-src=\"http:\/\/michaelflocco.com\/blog\/wp-content\/gallery\/meteorite\/rendu_wire.jpg\"\n               data-thumbnail=\"http:\/\/michaelflocco.com\/blog\/wp-content\/gallery\/meteorite\/thumbs\/thumbs_rendu_wire.jpg\"\n               data-image-id=\"167\"\n               data-title=\"rendu_wire.jpg\"\n               data-description=\"\"\n               data-image-slug=\"rendu_wire-jpg\"\n               class=\"shutterset_673b5530086f5fb9e6b33f6f5e6238b9\">\n                <img\n                    title=\"rendu_wire.jpg\"\n                    alt=\"rendu_wire.jpg\"\n                    src=\"http:\/\/michaelflocco.com\/blog\/wp-content\/gallery\/meteorite\/thumbs\/thumbs_rendu_wire.jpg\"\n                    width=\"100\"\n                    height=\"75\"\n                    style=\"max-width:100%;\"\n                \/>\n            <\/a>\n        <\/div>\n\t\t\t\t\t\t\t<\/div> \n\t\t\t\n\t\n\t<br style=\"clear: both\" \/>\n\n\t\n\t\t<div class=\"ngg-clear\"><\/div>\n\t<\/div>\n\n","protected":false},"excerpt":{"rendered":"<p>Voici une petite sc\u00e8ne contenant deux \u00e9l\u00e9ments sculpt\u00e9s sous ZBrush et travaill\u00e9s sous 3Ds Max : une m\u00e9t\u00e9orite encore br\u00fblante sur un sol ravag\u00e9 par l&#8217;impact. J&#8217;ai pu tester la map d&#8217;auto-illumination (glow) qui s&#8217;av\u00e8re bien utile aux endroits surchauff\u00e9s. Postprod sous Photoshop : ajout de l&#8217;image de fond + l\u00e9g\u00e8re lueur externe autour du [&hellip;]<\/p>\n","protected":false},"author":1,"featured_media":0,"parent":3,"menu_order":0,"comment_status":"open","ping_status":"open","template":"","meta":{"ngg_post_thumbnail":0},"_links":{"self":[{"href":"http:\/\/michaelflocco.com\/blog\/index.php?rest_route=\/wp\/v2\/pages\/119"}],"collection":[{"href":"http:\/\/michaelflocco.com\/blog\/index.php?rest_route=\/wp\/v2\/pages"}],"about":[{"href":"http:\/\/michaelflocco.com\/blog\/index.php?rest_route=\/wp\/v2\/types\/page"}],"author":[{"embeddable":true,"href":"http:\/\/michaelflocco.com\/blog\/index.php?rest_route=\/wp\/v2\/users\/1"}],"replies":[{"embeddable":true,"href":"http:\/\/michaelflocco.com\/blog\/index.php?rest_route=%2Fwp%2Fv2%2Fcomments&post=119"}],"version-history":[{"count":5,"href":"http:\/\/michaelflocco.com\/blog\/index.php?rest_route=\/wp\/v2\/pages\/119\/revisions"}],"predecessor-version":[{"id":272,"href":"http:\/\/michaelflocco.com\/blog\/index.php?rest_route=\/wp\/v2\/pages\/119\/revisions\/272"}],"up":[{"embeddable":true,"href":"http:\/\/michaelflocco.com\/blog\/index.php?rest_route=\/wp\/v2\/pages\/3"}],"wp:attachment":[{"href":"http:\/\/michaelflocco.com\/blog\/index.php?rest_route=%2Fwp%2Fv2%2Fmedia&parent=119"}],"curies":[{"name":"wp","href":"https:\/\/api.w.org\/{rel}","templated":true}]}}