{"id":21,"date":"2009-03-21T21:55:05","date_gmt":"2009-03-21T20:55:05","guid":{"rendered":"http:\/\/michael.flocco.free.fr\/blog\/?page_id=21"},"modified":"2009-04-25T00:46:35","modified_gmt":"2009-04-24T23:46:35","slug":"belfort-poste-1","status":"publish","type":"page","link":"http:\/\/michaelflocco.com\/blog\/?page_id=21","title":{"rendered":"Belfort, poste 1"},"content":{"rendered":"<p>Voici une petite structure de gare abandonn\u00e9e r\u00e9alis\u00e9e sous 3Ds Max et textur\u00e9e sous Photoshop.<br \/>\n&#8211; 6 186 tris.<br \/>\n&#8211; 1&#215;1024 diffuse + 1&#215;2048 diffuse<\/p>\n<p><center>            \n\t\t<div class=\"ngg-gallery-singlepic-image \" style=\"max-width: 480px\">\n\t\t\t    \t<a href=\"http:\/\/michaelflocco.com\/blog\/wp-content\/gallery\/gare_belfort\/rendu_6.jpg\"\n\t\t     title=\"\"\n             data-src=\"http:\/\/michaelflocco.com\/blog\/wp-content\/gallery\/gare_belfort\/rendu_6.jpg\"\n             data-thumbnail=\"http:\/\/michaelflocco.com\/blog\/wp-content\/gallery\/gare_belfort\/thumbs\/thumbs_rendu_6.jpg\"\n             data-image-id=\"19\"\n             data-title=\"rendu_6.jpg\"\n             data-description=\"\"\n             target='_self'\n             class=\"shutterset_c90f892ad784e4f4d231a63cf0ff8c56\">\n            <img class=\"ngg-singlepic\"\n             src=\"http:\/\/michaelflocco.com\/blog\/wp-content\/gallery\/gare_belfort\/cache\/rendu_6.jpg-nggid0219-ngg0dyn-480x360x100-00f0w010c010r110f110r010t010.jpg\"\n             alt=\"rendu_6.jpg\"\n             title=\"rendu_6.jpg\"\n              width=\"480\"               \/>\n    \t<\/a>\n\t\t      <\/div>\n        <\/center><\/p><!-- default-view.php -->\n<div\n\tclass=\"ngg-galleryoverview default-view \"\n\tid=\"ngg-gallery-5c25940a5a6a36adefc57f80cafb5e7d-1\">\n\n\t\t<!-- Thumbnails -->\n\t\t\t\t<div id=\"ngg-image-0\" class=\"ngg-gallery-thumbnail-box \" >\n\t\t\t\t        <div class=\"ngg-gallery-thumbnail\">\n            <a href=\"http:\/\/michaelflocco.com\/blog\/wp-content\/gallery\/gare_belfort\/reference.jpg\"\n               title=\"\"\n               data-src=\"http:\/\/michaelflocco.com\/blog\/wp-content\/gallery\/gare_belfort\/reference.jpg\"\n               data-thumbnail=\"http:\/\/michaelflocco.com\/blog\/wp-content\/gallery\/gare_belfort\/thumbs\/thumbs_reference.jpg\"\n               data-image-id=\"7\"\n               data-title=\"reference.jpg\"\n               data-description=\"\"\n               data-image-slug=\"reference-jpg\"\n               class=\"shutterset_5c25940a5a6a36adefc57f80cafb5e7d\">\n                <img\n                    title=\"reference.jpg\"\n                    alt=\"reference.jpg\"\n                    src=\"http:\/\/michaelflocco.com\/blog\/wp-content\/gallery\/gare_belfort\/thumbs\/thumbs_reference.jpg\"\n                    width=\"100\"\n                    height=\"75\"\n                    style=\"max-width:100%;\"\n                \/>\n            <\/a>\n        <\/div>\n\t\t\t\t\t\t\t<\/div> \n\t\t\t\n\t\t\t\t<div id=\"ngg-image-1\" class=\"ngg-gallery-thumbnail-box \" >\n\t\t\t\t        <div class=\"ngg-gallery-thumbnail\">\n            <a href=\"http:\/\/michaelflocco.com\/blog\/wp-content\/gallery\/gare_belfort\/texture.jpg\"\n               title=\"\"\n               data-src=\"http:\/\/michaelflocco.com\/blog\/wp-content\/gallery\/gare_belfort\/texture.jpg\"\n               data-thumbnail=\"http:\/\/michaelflocco.com\/blog\/wp-content\/gallery\/gare_belfort\/thumbs\/thumbs_texture.jpg\"\n               data-image-id=\"8\"\n               data-title=\"texture.jpg\"\n               data-description=\"\"\n               data-image-slug=\"texture-jpg\"\n               class=\"shutterset_5c25940a5a6a36adefc57f80cafb5e7d\">\n                <img\n                    title=\"texture.jpg\"\n                    alt=\"texture.jpg\"\n                    src=\"http:\/\/michaelflocco.com\/blog\/wp-content\/gallery\/gare_belfort\/thumbs\/thumbs_texture.jpg\"\n                    width=\"75\"\n                    height=\"75\"\n                    style=\"max-width:100%;\"\n                \/>\n            <\/a>\n        <\/div>\n\t\t\t\t\t\t\t<\/div> \n\t\t\t\n\t\t\t\t<div id=\"ngg-image-2\" class=\"ngg-gallery-thumbnail-box \" >\n\t\t\t\t        <div class=\"ngg-gallery-thumbnail\">\n            <a href=\"http:\/\/michaelflocco.com\/blog\/wp-content\/gallery\/gare_belfort\/texture_reste.jpg\"\n               title=\"\"\n               data-src=\"http:\/\/michaelflocco.com\/blog\/wp-content\/gallery\/gare_belfort\/texture_reste.jpg\"\n               data-thumbnail=\"http:\/\/michaelflocco.com\/blog\/wp-content\/gallery\/gare_belfort\/thumbs\/thumbs_texture_reste.jpg\"\n               data-image-id=\"9\"\n               data-title=\"texture_reste.jpg\"\n               data-description=\"\"\n               data-image-slug=\"texture_reste-jpg\"\n               class=\"shutterset_5c25940a5a6a36adefc57f80cafb5e7d\">\n                <img\n                    title=\"texture_reste.jpg\"\n                    alt=\"texture_reste.jpg\"\n                    src=\"http:\/\/michaelflocco.com\/blog\/wp-content\/gallery\/gare_belfort\/thumbs\/thumbs_texture_reste.jpg\"\n                    width=\"75\"\n                    height=\"75\"\n                    style=\"max-width:100%;\"\n                \/>\n            <\/a>\n        <\/div>\n\t\t\t\t\t\t\t<\/div> \n\t\t\t\n\t\t\t\t<div id=\"ngg-image-3\" class=\"ngg-gallery-thumbnail-box \" >\n\t\t\t\t        <div class=\"ngg-gallery-thumbnail\">\n            <a href=\"http:\/\/michaelflocco.com\/blog\/wp-content\/gallery\/gare_belfort\/rendu_0.jpg\"\n               title=\"\"\n               data-src=\"http:\/\/michaelflocco.com\/blog\/wp-content\/gallery\/gare_belfort\/rendu_0.jpg\"\n               data-thumbnail=\"http:\/\/michaelflocco.com\/blog\/wp-content\/gallery\/gare_belfort\/thumbs\/thumbs_rendu_0.jpg\"\n               data-image-id=\"13\"\n               data-title=\"rendu_0.jpg\"\n               data-description=\"\"\n               data-image-slug=\"rendu_0-jpg\"\n               class=\"shutterset_5c25940a5a6a36adefc57f80cafb5e7d\">\n                <img\n                    title=\"rendu_0.jpg\"\n                    alt=\"rendu_0.jpg\"\n                    src=\"http:\/\/michaelflocco.com\/blog\/wp-content\/gallery\/gare_belfort\/thumbs\/thumbs_rendu_0.jpg\"\n                    width=\"100\"\n                    height=\"75\"\n                    style=\"max-width:100%;\"\n                \/>\n            <\/a>\n        <\/div>\n\t\t\t\t\t\t\t<\/div> \n\t\t\t\n\t\t\t\t<div id=\"ngg-image-4\" class=\"ngg-gallery-thumbnail-box \" >\n\t\t\t\t        <div class=\"ngg-gallery-thumbnail\">\n            <a href=\"http:\/\/michaelflocco.com\/blog\/wp-content\/gallery\/gare_belfort\/rendu_1.jpg\"\n               title=\"\"\n               data-src=\"http:\/\/michaelflocco.com\/blog\/wp-content\/gallery\/gare_belfort\/rendu_1.jpg\"\n               data-thumbnail=\"http:\/\/michaelflocco.com\/blog\/wp-content\/gallery\/gare_belfort\/thumbs\/thumbs_rendu_1.jpg\"\n               data-image-id=\"14\"\n               data-title=\"rendu_1.jpg\"\n               data-description=\"\"\n               data-image-slug=\"rendu_1-jpg\"\n               class=\"shutterset_5c25940a5a6a36adefc57f80cafb5e7d\">\n                <img\n                    title=\"rendu_1.jpg\"\n                    alt=\"rendu_1.jpg\"\n                    src=\"http:\/\/michaelflocco.com\/blog\/wp-content\/gallery\/gare_belfort\/thumbs\/thumbs_rendu_1.jpg\"\n                    width=\"100\"\n                    height=\"75\"\n                    style=\"max-width:100%;\"\n                \/>\n            <\/a>\n        <\/div>\n\t\t\t\t\t\t\t<\/div> \n\t\t\t\n\t\t\t\t<div id=\"ngg-image-5\" class=\"ngg-gallery-thumbnail-box \" >\n\t\t\t\t        <div class=\"ngg-gallery-thumbnail\">\n            <a href=\"http:\/\/michaelflocco.com\/blog\/wp-content\/gallery\/gare_belfort\/rendu_2.jpg\"\n               title=\"\"\n               data-src=\"http:\/\/michaelflocco.com\/blog\/wp-content\/gallery\/gare_belfort\/rendu_2.jpg\"\n               data-thumbnail=\"http:\/\/michaelflocco.com\/blog\/wp-content\/gallery\/gare_belfort\/thumbs\/thumbs_rendu_2.jpg\"\n               data-image-id=\"15\"\n               data-title=\"rendu_2.jpg\"\n               data-description=\"\"\n               data-image-slug=\"rendu_2-jpg\"\n               class=\"shutterset_5c25940a5a6a36adefc57f80cafb5e7d\">\n                <img\n                    title=\"rendu_2.jpg\"\n                    alt=\"rendu_2.jpg\"\n                    src=\"http:\/\/michaelflocco.com\/blog\/wp-content\/gallery\/gare_belfort\/thumbs\/thumbs_rendu_2.jpg\"\n                    width=\"100\"\n                    height=\"75\"\n                    style=\"max-width:100%;\"\n                \/>\n            <\/a>\n        <\/div>\n\t\t\t\t\t\t\t<\/div> \n\t\t\t\n\t\t\t\t<div id=\"ngg-image-6\" class=\"ngg-gallery-thumbnail-box \" >\n\t\t\t\t        <div class=\"ngg-gallery-thumbnail\">\n            <a href=\"http:\/\/michaelflocco.com\/blog\/wp-content\/gallery\/gare_belfort\/rendu_3.jpg\"\n               title=\"\"\n               data-src=\"http:\/\/michaelflocco.com\/blog\/wp-content\/gallery\/gare_belfort\/rendu_3.jpg\"\n               data-thumbnail=\"http:\/\/michaelflocco.com\/blog\/wp-content\/gallery\/gare_belfort\/thumbs\/thumbs_rendu_3.jpg\"\n               data-image-id=\"16\"\n               data-title=\"rendu_3.jpg\"\n               data-description=\"\"\n               data-image-slug=\"rendu_3-jpg\"\n               class=\"shutterset_5c25940a5a6a36adefc57f80cafb5e7d\">\n                <img\n                    title=\"rendu_3.jpg\"\n                    alt=\"rendu_3.jpg\"\n                    src=\"http:\/\/michaelflocco.com\/blog\/wp-content\/gallery\/gare_belfort\/thumbs\/thumbs_rendu_3.jpg\"\n                    width=\"100\"\n                    height=\"75\"\n                    style=\"max-width:100%;\"\n                \/>\n            <\/a>\n        <\/div>\n\t\t\t\t\t\t\t<\/div> \n\t\t\t\n\t\t\t\t<div id=\"ngg-image-7\" class=\"ngg-gallery-thumbnail-box \" >\n\t\t\t\t        <div class=\"ngg-gallery-thumbnail\">\n            <a href=\"http:\/\/michaelflocco.com\/blog\/wp-content\/gallery\/gare_belfort\/rendu_4.jpg\"\n               title=\"\"\n               data-src=\"http:\/\/michaelflocco.com\/blog\/wp-content\/gallery\/gare_belfort\/rendu_4.jpg\"\n               data-thumbnail=\"http:\/\/michaelflocco.com\/blog\/wp-content\/gallery\/gare_belfort\/thumbs\/thumbs_rendu_4.jpg\"\n               data-image-id=\"17\"\n               data-title=\"rendu_4.jpg\"\n               data-description=\"\"\n               data-image-slug=\"rendu_4-jpg\"\n               class=\"shutterset_5c25940a5a6a36adefc57f80cafb5e7d\">\n                <img\n                    title=\"rendu_4.jpg\"\n                    alt=\"rendu_4.jpg\"\n                    src=\"http:\/\/michaelflocco.com\/blog\/wp-content\/gallery\/gare_belfort\/thumbs\/thumbs_rendu_4.jpg\"\n                    width=\"100\"\n                    height=\"75\"\n                    style=\"max-width:100%;\"\n                \/>\n            <\/a>\n        <\/div>\n\t\t\t\t\t\t\t<\/div> \n\t\t\t\n\t\t\t\t<div id=\"ngg-image-8\" class=\"ngg-gallery-thumbnail-box \" >\n\t\t\t\t        <div class=\"ngg-gallery-thumbnail\">\n            <a href=\"http:\/\/michaelflocco.com\/blog\/wp-content\/gallery\/gare_belfort\/rendu_5.jpg\"\n               title=\"\"\n               data-src=\"http:\/\/michaelflocco.com\/blog\/wp-content\/gallery\/gare_belfort\/rendu_5.jpg\"\n               data-thumbnail=\"http:\/\/michaelflocco.com\/blog\/wp-content\/gallery\/gare_belfort\/thumbs\/thumbs_rendu_5.jpg\"\n               data-image-id=\"18\"\n               data-title=\"rendu_5.jpg\"\n               data-description=\"\"\n               data-image-slug=\"rendu_5-jpg\"\n               class=\"shutterset_5c25940a5a6a36adefc57f80cafb5e7d\">\n                <img\n                    title=\"rendu_5.jpg\"\n                    alt=\"rendu_5.jpg\"\n                    src=\"http:\/\/michaelflocco.com\/blog\/wp-content\/gallery\/gare_belfort\/thumbs\/thumbs_rendu_5.jpg\"\n                    width=\"100\"\n                    height=\"75\"\n                    style=\"max-width:100%;\"\n                \/>\n            <\/a>\n        <\/div>\n\t\t\t\t\t\t\t<\/div> \n\t\t\t\n\t\t\t\t<div id=\"ngg-image-9\" class=\"ngg-gallery-thumbnail-box \" >\n\t\t\t\t        <div class=\"ngg-gallery-thumbnail\">\n            <a href=\"http:\/\/michaelflocco.com\/blog\/wp-content\/gallery\/gare_belfort\/rendu_6.jpg\"\n               title=\"\"\n               data-src=\"http:\/\/michaelflocco.com\/blog\/wp-content\/gallery\/gare_belfort\/rendu_6.jpg\"\n               data-thumbnail=\"http:\/\/michaelflocco.com\/blog\/wp-content\/gallery\/gare_belfort\/thumbs\/thumbs_rendu_6.jpg\"\n               data-image-id=\"19\"\n               data-title=\"rendu_6.jpg\"\n               data-description=\"\"\n               data-image-slug=\"rendu_6-jpg\"\n               class=\"shutterset_5c25940a5a6a36adefc57f80cafb5e7d\">\n                <img\n                    title=\"rendu_6.jpg\"\n                    alt=\"rendu_6.jpg\"\n                    src=\"http:\/\/michaelflocco.com\/blog\/wp-content\/gallery\/gare_belfort\/thumbs\/thumbs_rendu_6.jpg\"\n                    width=\"100\"\n                    height=\"75\"\n                    style=\"max-width:100%;\"\n                \/>\n            <\/a>\n        <\/div>\n\t\t\t\t\t\t\t<\/div> \n\t\t\t\n\t\n\t<br style=\"clear: both\" \/>\n\n\t\n\t\t<div class=\"ngg-clear\"><\/div>\n\t<\/div>\n","protected":false},"excerpt":{"rendered":"<p>Voici une petite structure de gare abandonn\u00e9e r\u00e9alis\u00e9e sous 3Ds Max et textur\u00e9e sous Photoshop. &#8211; 6 186 tris. &#8211; 1&#215;1024 diffuse + 1&#215;2048 diffuse<\/p>\n","protected":false},"author":1,"featured_media":0,"parent":3,"menu_order":0,"comment_status":"open","ping_status":"open","template":"","meta":{"ngg_post_thumbnail":0},"_links":{"self":[{"href":"http:\/\/michaelflocco.com\/blog\/index.php?rest_route=\/wp\/v2\/pages\/21"}],"collection":[{"href":"http:\/\/michaelflocco.com\/blog\/index.php?rest_route=\/wp\/v2\/pages"}],"about":[{"href":"http:\/\/michaelflocco.com\/blog\/index.php?rest_route=\/wp\/v2\/types\/page"}],"author":[{"embeddable":true,"href":"http:\/\/michaelflocco.com\/blog\/index.php?rest_route=\/wp\/v2\/users\/1"}],"replies":[{"embeddable":true,"href":"http:\/\/michaelflocco.com\/blog\/index.php?rest_route=%2Fwp%2Fv2%2Fcomments&post=21"}],"version-history":[{"count":2,"href":"http:\/\/michaelflocco.com\/blog\/index.php?rest_route=\/wp\/v2\/pages\/21\/revisions"}],"predecessor-version":[{"id":141,"href":"http:\/\/michaelflocco.com\/blog\/index.php?rest_route=\/wp\/v2\/pages\/21\/revisions\/141"}],"up":[{"embeddable":true,"href":"http:\/\/michaelflocco.com\/blog\/index.php?rest_route=\/wp\/v2\/pages\/3"}],"wp:attachment":[{"href":"http:\/\/michaelflocco.com\/blog\/index.php?rest_route=%2Fwp%2Fv2%2Fmedia&parent=21"}],"curies":[{"name":"wp","href":"https:\/\/api.w.org\/{rel}","templated":true}]}}