{"id":44,"date":"2009-03-22T13:13:12","date_gmt":"2009-03-22T12:13:12","guid":{"rendered":"http:\/\/michael.flocco.free.fr\/blog\/?page_id=44"},"modified":"2009-03-22T13:54:18","modified_gmt":"2009-03-22T12:54:18","slug":"rammstein-te-quiero-puta","status":"publish","type":"page","link":"http:\/\/michaelflocco.com\/blog\/?page_id=44","title":{"rendered":"Rammstein &#8211; Te quiero puta!"},"content":{"rendered":"<p>Il s&#8217;agit d&#8217;un montage vid\u00e9o r\u00e9alis\u00e9 sous Adobe Premi\u00e8re. La musique est de Rammstein, et je voulais vraiment voir un clip r\u00e9alis\u00e9 pour ce morceau. Mais cela n&#8217;a jamais \u00e9t\u00e9 fait. J&#8217;ai donc d\u00e9cid\u00e9 de faire un montage et j&#8217;ai pens\u00e9 que le film Desperado 2 correspondait bien au style de la chanson. Voici donc mon id\u00e9e de ce que pourrait \u00eatre le clip de &#8220;Te quiero puta!&#8221;.<\/p>\n<p><center>[media id=3]<\/center><\/p>\n","protected":false},"excerpt":{"rendered":"<p>Il s&#8217;agit d&#8217;un montage vid\u00e9o r\u00e9alis\u00e9 sous Adobe Premi\u00e8re. La musique est de Rammstein, et je voulais vraiment voir un clip r\u00e9alis\u00e9 pour ce morceau. Mais cela n&#8217;a jamais \u00e9t\u00e9 fait. J&#8217;ai donc d\u00e9cid\u00e9 de faire un montage et j&#8217;ai pens\u00e9 que le film Desperado 2 correspondait bien au style de la chanson. Voici donc [&hellip;]<\/p>\n","protected":false},"author":1,"featured_media":0,"parent":9,"menu_order":0,"comment_status":"open","ping_status":"open","template":"","meta":{"ngg_post_thumbnail":0},"_links":{"self":[{"href":"http:\/\/michaelflocco.com\/blog\/index.php?rest_route=\/wp\/v2\/pages\/44"}],"collection":[{"href":"http:\/\/michaelflocco.com\/blog\/index.php?rest_route=\/wp\/v2\/pages"}],"about":[{"href":"http:\/\/michaelflocco.com\/blog\/index.php?rest_route=\/wp\/v2\/types\/page"}],"author":[{"embeddable":true,"href":"http:\/\/michaelflocco.com\/blog\/index.php?rest_route=\/wp\/v2\/users\/1"}],"replies":[{"embeddable":true,"href":"http:\/\/michaelflocco.com\/blog\/index.php?rest_route=%2Fwp%2Fv2%2Fcomments&post=44"}],"version-history":[{"count":4,"href":"http:\/\/michaelflocco.com\/blog\/index.php?rest_route=\/wp\/v2\/pages\/44\/revisions"}],"predecessor-version":[{"id":52,"href":"http:\/\/michaelflocco.com\/blog\/index.php?rest_route=\/wp\/v2\/pages\/44\/revisions\/52"}],"up":[{"embeddable":true,"href":"http:\/\/michaelflocco.com\/blog\/index.php?rest_route=\/wp\/v2\/pages\/9"}],"wp:attachment":[{"href":"http:\/\/michaelflocco.com\/blog\/index.php?rest_route=%2Fwp%2Fv2%2Fmedia&parent=44"}],"curies":[{"name":"wp","href":"https:\/\/api.w.org\/{rel}","templated":true}]}}