{"id":49,"date":"2009-03-22T13:52:25","date_gmt":"2009-03-22T12:52:25","guid":{"rendered":"http:\/\/michael.flocco.free.fr\/blog\/?page_id=49"},"modified":"2009-03-22T13:52:25","modified_gmt":"2009-03-22T12:52:25","slug":"san-andreas-intro","status":"publish","type":"page","link":"http:\/\/michaelflocco.com\/blog\/?page_id=49","title":{"rendered":"San Andreas Intro"},"content":{"rendered":"<p>Une sorte d&#8217;introduction \u00e0 GTA San Andreas. Images et musique du jeu. R\u00e9alis\u00e9 sous Adobe Premi\u00e8re.<\/p>\n<p><center>[media id=2]<\/center><\/p>\n","protected":false},"excerpt":{"rendered":"<p>Une sorte d&#8217;introduction \u00e0 GTA San Andreas. Images et musique du jeu. R\u00e9alis\u00e9 sous Adobe Premi\u00e8re. [media id=2]<\/p>\n","protected":false},"author":1,"featured_media":0,"parent":9,"menu_order":0,"comment_status":"open","ping_status":"open","template":"","meta":{"ngg_post_thumbnail":0},"_links":{"self":[{"href":"http:\/\/michaelflocco.com\/blog\/index.php?rest_route=\/wp\/v2\/pages\/49"}],"collection":[{"href":"http:\/\/michaelflocco.com\/blog\/index.php?rest_route=\/wp\/v2\/pages"}],"about":[{"href":"http:\/\/michaelflocco.com\/blog\/index.php?rest_route=\/wp\/v2\/types\/page"}],"author":[{"embeddable":true,"href":"http:\/\/michaelflocco.com\/blog\/index.php?rest_route=\/wp\/v2\/users\/1"}],"replies":[{"embeddable":true,"href":"http:\/\/michaelflocco.com\/blog\/index.php?rest_route=%2Fwp%2Fv2%2Fcomments&post=49"}],"version-history":[{"count":1,"href":"http:\/\/michaelflocco.com\/blog\/index.php?rest_route=\/wp\/v2\/pages\/49\/revisions"}],"predecessor-version":[{"id":50,"href":"http:\/\/michaelflocco.com\/blog\/index.php?rest_route=\/wp\/v2\/pages\/49\/revisions\/50"}],"up":[{"embeddable":true,"href":"http:\/\/michaelflocco.com\/blog\/index.php?rest_route=\/wp\/v2\/pages\/9"}],"wp:attachment":[{"href":"http:\/\/michaelflocco.com\/blog\/index.php?rest_route=%2Fwp%2Fv2%2Fmedia&parent=49"}],"curies":[{"name":"wp","href":"https:\/\/api.w.org\/{rel}","templated":true}]}}